5 = -2*w + 2*i, -3*w + b = i. What are the prime factors of w?
3, 11
Let m(r) = r**3 + 14*r**2 + 2*r + 21. Let h = 119 + -126. What are the prime factors of m(h)?
2, 5, 7
Suppose -2*u - 22689 = -4*i + 30685, -2*i - 4*u = -26652. List the prime factors of i.
2, 5, 23, 29
Let y(j) be the first derivative of j**4/4 + 14*j**3/3 - 8*j**2 - 26*j - 111. List the prime factors of y(-10).
2, 3, 89
Let t = -40 - -32. Let w(r) = -r**3 - 6*r**2 + 17*r + 13. Let b be w(t). Suppose 4*j - 301 = -b*u + 274, -4*u = j - 152. What are the prime factors of j?
2, 5, 7
List the prime factors of (-3456 - 391)/(2 - 2/10 - 2).
5, 3847
Let b be (-2)/14 + (-108)/28. Let p(t) = -8*t**3 - 7*t**2 + 3*t - 11. List the prime factors of p(b).
13, 29
Let r(k) = 123*k - 55. Let h be r(-8). Let u = h + 1657. What are the prime factors of u?
2, 3, 103
Let c(x) = x**2 - 7*x + 10. Let l be c(9). Suppose 0 = v - l + 751. What are the prime factors of v/(-5) + (-24)/40?
2, 3
Suppose y + 3*y - 4467 = -3*u, -5*y = -u + 1508. Suppose 3*j + 2*j - 5*z = 7475, j - 2*z = u. List the prime factors of j.
3, 499
Let j = -4873 - -11362. What are the prime factors of j?
3, 7, 103
Suppose m = y - 17740, y - 3*m - 12177 = 5563. What are the prime factors of y?
2, 5, 887
What are the prime factors of ((-72)/(-22))/(1023/757702)?
2, 3, 101
Let a be -8 + 2 + -8 + (-3)/(-3). Let h(y) = y**3 + 21*y**2 + 22*y - 34. List the prime factors of h(a).
2, 3, 43
Suppose 3*f - 50*w = -51*w + 157253, f = 3*w + 52401. What are the prime factors of f?
2, 3, 7, 13
Suppose 0 = 5*m - c - 40, 0*c - 3*c - 3 = -2*m. Let j(v) = v**2 + 11*v + 4. What are the prime factors of j(m)?
2, 23
Let q(y) = y**3 - y**2 + y + 1. Let j(a) = -5*a**3 + 13*a**2 + 4*a - 13. Let w(d) = -j(d) - 6*q(d). What are the prime factors of w(-7)?
7, 11
Suppose 0 = 3*u + 6, -5*n + 5*u = -0*u + 50. List the prime factors of ((-8)/n - 0)*408.
2, 17
Let j(w) = -44016*w**3 - 4*w**2 - 31*w - 29. What are the prime factors of j(-1)?
2, 59, 373
List the prime factors of 27/((-7)/14 - (-1052)/2088).
3, 29
Suppose 3*n = j - 304, -3*j + 977 = -3*n + 95. Let m = j + -65. What are the prime factors of m?
2, 7
Suppose 17*k - 188 = -30*k. Suppose -k*t = 5*i - 1193, -5*t - 9*i = -13*i - 1440. List the prime factors of t.
2, 73
Let y(c) be the second derivative of -c**5/20 + c**4/4 + c**3/2 - c**2 + 4*c. Let m be y(4). Let x = m - -57. What are the prime factors of x?
3, 17
Suppose b - 5*l = 11122, -2*b + 33322 = b - 4*l. Let x = -6527 + b. Suppose 5*m - x = -10*m. List the prime factors of m.
5, 61
Let h = -2906 - -47726. What are the prime factors of h?
2, 3, 5, 83
Suppose 3*n = 4*c - 168, 0 = -4*n + 3*c + c - 220. Let p = 52 + n. Suppose 10*h - 5*h + 20 = p, 121 = 3*f + 2*h. List the prime factors of f.
43
List the prime factors of (5180/560)/(1/1100).
5, 11, 37
Let s be (96/18 + 8)*39. Suppose 519*n = s*n - 699. List the prime factors of n.
3, 233
Let c(y) = -7*y**2 - 12*y + 11. Let d(x) = -6*x - 15. Let q be d(-4). Let j(b) = 2*b**2 + 3*b - 3. Let r(t) = q*j(t) + 2*c(t). List the prime factors of r(-4).
47
Suppose -83528 = -5*k + 4*c, 5*k - 167*c = -162*c + 83525. List the prime factors of k.
2, 4177
What are the prime factors of (-10 - 8)*(59960/(-15))/4?
2, 3, 1499
Let q = -121 - -134. Suppose -q*a + 460 = -9*a. What are the prime factors of a?
5, 23
Suppose -b + 12633 = -3*x - 4788, -4*b + 69691 = -5*x. What are the prime factors of b?
2, 3, 11
What are the prime factors of ((-102)/(-85))/((-18)/(-74100))?
2, 5, 13, 19
List the prime factors of 10 - (-12 + -6 - 4961).
3, 1663
What are the prime factors of 385372/78*3/(-9)*-9?
2, 7411
Let a be ((-16)/6)/(6/9) - -112. Let o = a - 4. What are the prime factors of o?
2, 13
List the prime factors of (5700/(-3325))/((-2)/70399).
2, 3, 89, 113
Suppose -h + 2*h = -3. Let k(d) = -3*d + 22. What are the prime factors of k(h)?
31
Suppose 2*s - 4*x - 11344 = 0, 0 = 7707*s - 7702*s + x - 28272. List the prime factors of s.
2, 7, 101
Let t(z) = 36586*z**2 + 18*z - 36581*z**2 - 5 - 8. What are the prime factors of t(-7)?
2, 53
Let o(j) = 2039*j**3 + 12*j**2 - 18*j + 39. List the prime factors of o(3).
2, 3, 7, 13, 101
Suppose 3*d - c - 3 = 0, 4*d + 3*c + 7 = 8*c. Suppose -11*v + d*v - 279 = 0. Let l = v + 42. List the prime factors of l.
11
Let d(x) = 6*x**2 + 61*x + 17. Let y be d(-10). List the prime factors of 17334/14 + -2 - 1/y.
2, 3, 103
Let c(a) = 278*a - 3576. List the prime factors of c(27).
2, 3, 5, 131
Let c(b) = -3543*b - 1474. What are the prime factors of c(-9)?
17, 1789
Suppose -2 = -108*r + 107*r. Let z(x) be the second derivative of 18*x**3 + 7*x**2/2 - 3*x. What are the prime factors of z(r)?
223
Let a = -57 + 96. Suppose -a = -3*y + 3*o, -5*y + 52 = o + 11. Suppose -y*k + 245 = -4*k. List the prime factors of k.
7
Suppose 27*s - 31*s = 5*q - 43407, 4*q - 5*s = 34701. What are the prime factors of q?
3, 11, 263
List the prime factors of -40*(-65)/75*987.
2, 7, 13, 47
List the prime factors of 2 + -2 + (13622 - -9).
43, 317
Let b be (-2)/3*(-17)/((-187)/2838). List the prime factors of (-8557)/b*(0 - -8).
2, 199
Let q(m) = 330*m + 1569. What are the prime factors of q(9)?
3, 17, 89
Let d(p) = 633*p - 23. Let c(n) = 24*n - 141. Let k be c(6). What are the prime factors of d(k)?
2, 7, 67
Let f(u) = u**2 + 10*u + 7. Let h be f(-6). Let t(v) = v**2 + 16*v - 27. Let i be t(h). What are the prime factors of 745/25 + 8/i?
29
Suppose 0 = 9*p - 4*p + 5*u + 20, -2*p - 5*u = 20. Suppose -3*k = l - p*k - 99, -3*k + 321 = 3*l. List the prime factors of l.
3, 37
Suppose 3*n - n = -2, -n = -3*l + 16. Suppose -2*x = -5*x - l*i + 86, -i + 26 = x. What are the prime factors of x?
2, 11
What are the prime factors of ((4 - -8) + 208)*72?
2, 3, 5, 11
Suppose 3*z + 165 = -18. What are the prime factors of (34/17 + z/1)*-2?
2, 59
Suppose -25 = -5*i, -5*i - 771 = 6*g - 2*g. Let z = 378 - g. List the prime factors of z.
577
Let z be 1 - (-2 + 1)/((-3)/6). Let y be (0 + 1)/(z/(-6)*2). Suppose -2*p - 249 = -5*q, p - y*p - 151 = -3*q. List the prime factors of q.
7
Let u(o) = 7*o**3 - 3*o**2 + 2*o - 4. Let z(y) = -8*y**3 + 2*y**2 + 3. Let m(n) = 4*u(n) + 3*z(n). List the prime factors of m(4).
5, 37
Suppose -2*d = h + 771, -3785 = 5*h - 3*d - d. Let p(o) = -38*o + 1615. Let q be p(56). Let g = q - h. List the prime factors of g.
2, 31
Suppose 7*m + 5*m = 3*m. Suppose -2*t - 2*t - 32 = m. What are the prime factors of (t/6)/(-4)*(-222)/(-1)?
2, 37
Let b(o) = 3037*o**2 + 17*o - 215. List the prime factors of b(4).
5, 9689
Let m(t) = -t**3 + 20*t**2 + 46*t - 39. Let l be m(22). Suppose 547 = s + l*p, s + p = 2*p + 547. What are the prime factors of s?
547
Let f(o) = -3*o + 4. Suppose 2 - 2 = -4*k. Let u be f(k). List the prime factors of (-5 - (-18)/u)*(-147 - 1).
2, 37
Let u(c) = 142*c - 25. Let n(w) = -141*w + 26. Let o(g) = -4*n(g) - 3*u(g). List the prime factors of o(5).
661
Let m = -902 + 3858. List the prime factors of m.
2, 739
Let j(y) = -10*y - 27*y - 88 + 13*y - 5*y. What are the prime factors of j(-7)?
5, 23
Suppose 5*v - 3733 + 1044 = -3*h, 899 = h + 3*v. Suppose -3*p + 898 = -0*p - i, 3*p = 2*i + h. List the prime factors of p.
7, 43
Let z = 3006 - 967. List the prime factors of z.
2039
Suppose 5876*s = 5868*s + 69936. List the prime factors of s.
2, 3, 31, 47
Let x(i) = 66*i**3 + 5*i**2 - 45*i + 164. List the prime factors of x(4).
2, 67
Let y = 25936 + -7763. List the prime factors of y.
17, 1069
Let m = -176 - -180. Suppose -521 = -2*z - 3*z - m*k, -4*z = -2*k - 396. What are the prime factors of z?
101
Let w = 162 + -158. Suppose -364 = -4*r + j + 1240, -w*r - 3*j + 1620 = 0. What are the prime factors of r?
2, 3, 67
Let l(p) = -14*p - 36. Let g be l(9). Let h = 28 - g. What are the prime factors of h?
2, 5, 19
Let p(r) = -3*r. Let t(b) = -68*b + 152. Let l(d) = -10*p(d) + t(d). List the prime factors of l(-11).
2, 3, 5, 19
Suppose 4*g + 5090 = 9*c - 8*c, 4*g = -3*c + 15222. List the prime factors of c.
2, 2539
Suppose -612 + 32 = -5*g. Let c(v) = 56*v + 45. Let w be c(5). Suppose 2*p - m - 57 = g, -4*p - 5*m = -w. List the prime factors of p.
5, 17
List the prime factors of 5726/(107/(-642)*3/(-4)).
2, 7, 409
List the prime factors of ((215052/36)/(10/6 - 2))/(-1).
17921
List the prime factors of (445/(-4))/((-